40)/12*-9 - j. Suppose -2*i - 9 = -25. What is the highest common divisor of i and b?
8
Let c be (-1)/(2*(-1)/24). Calculate the greatest common factor of 36 and c.
12
Suppose d - 228 = 2*g, 5*d + 81 + 347 = -4*g. Let o = 189 + g. Calculate the greatest common divisor of o and 11.
11
Suppose -160 = 4*w - 5*w. Let l = 245 - w. Let n = -9 - -26. What is the greatest common factor of n and l?
17
Suppose 3*y - 16 = -y. Suppose 3*q = -b - b + 163, -248 = -y*q + 5*b. Let s(j) = -9*j + 1. Let i be s(-2). What is the highest common divisor of q and i?
19
Let n be (1/(-2))/((-3)/2196). Let x be n/15 - 4/10. Suppose 3*r - 55 = -4*q, -38 + 5 = -3*q - 5*r. Calculate the greatest common factor of x and q.
8
Let o(m) = 4*m + 234. Let j be o(-46). Let z = 199 + -74. Calculate the highest common divisor of j and z.
25
Suppose 0 = 4*h - 3*n - 139, 0 = -5*h + 6*n - 2*n + 174. Suppose -y - y + h = 0. What is the greatest common factor of y and 34?
17
Let u(t) = t**3 + t + 5. Let b be u(0). Suppose -52 + 17 = -b*s. What is the highest common factor of 35 and s?
7
Let k be -80*(3/6 + -1). Let v be (90/k)/((-3)/(-8)). Calculate the highest common divisor of 9 and v.
3
Suppose 4*b = 3*n + 35, -15 = -n - 5*b + b. Let j = n + 3. Let d be (j - -30)*(-5)/(-4). Calculate the greatest common divisor of 7 and d.
7
Let l(y) = -y - 8. Let f be l(-16). Calculate the highest common factor of 64 and f.
8
Suppose 0*x - x = -13. Suppose 12 + x = 5*d. Suppose 57 = d*z - 48. Calculate the greatest common factor of z and 63.
21
Let z(l) = 4*l - 27. Let i be z(8). Calculate the highest common factor of 40 and i.
5
Let c(z) = z**2 + z - 38. Let n be c(7). Calculate the highest common divisor of 126 and n.
18
Let r = 17 - 7. Calculate the highest common factor of r and 40.
10
Let y = -9 - -21. Suppose 0*j + 3*j = 192. Suppose -f + 0*f + 32 = -5*t, -5*f + t = -j. Calculate the greatest common divisor of f and y.
12
Let c(g) = 3*g + 39. Let a be c(0). What is the highest common factor of a and 26?
13
Suppose 4*t - 44 = 4*j, 4*j - j = -2*t + 27. Let d be (t/(-9))/((-4)/18). What is the highest common factor of 66 and d?
6
Suppose 161 - 5 = 4*d. What is the greatest common divisor of d and 26?
13
Suppose -5*n + 230 = -5*x + 1265, -n = -5*x + 1019. Calculate the greatest common divisor of 29 and x.
29
Let j = -35 - -12. Let l = j - -66. Let b = -13 + l. Calculate the highest common divisor of b and 15.
15
Let p(l) = l + 2. Let h be p(4). Let a be 3 + h/(-3) + 12. What is the greatest common factor of 26 and a?
13
Suppose -4*y - 20 = 3*a - 58, 2*a - 44 = -5*y. What is the highest common factor of y and 88?
8
Let o be (-23)/(-2) - (-6)/(-4). Let x = -30 - -60. Calculate the greatest common factor of x and o.
10
Let u = 193 - 112. Let p = 6 - 4. Suppose 0*d = -3*d + p*k + 31, -d + k = -11. What is the highest common factor of u and d?
9
Let j(x) = x**3 - 7*x**2 + 7*x + 2. Let f be j(6). Suppose 0 = -3*l + l - f. Let w = l - -60. What is the greatest common factor of w and 14?
14
Let p be 6/14 - 1830/(-42). Let f be 11/p + 11/4. Calculate the highest common divisor of 24 and f.
3
Let n = 75 + -66. What is the highest common divisor of 99 and n?
9
Suppose 9*z + 2*z - 44 = 0. Calculate the greatest common factor of z and 6.
2
Suppose 0 = -7*t - t + 304. Calculate the highest common factor of 304 and t.
38
Suppose 2*n = -2*n + 288. Let s be (n/(-30))/((-2)/10). What is the greatest common divisor of s and 108?
12
Let h = 37 + -12. Let p be 2 + (-24)/(2 + -5). What is the highest common factor of p and h?
5
Let c(n) = n**3 - 11*n**2 - 13*n + 17. Let z be c(12). Suppose b - z*b + 44 = 0. Calculate the highest common divisor of 1 and b.
1
Let v(s) = s**3 - 7*s**2 + 6. Let r be v(6). Let w be (-12)/r - 32/5. Let t be (2 + 28)*w/(-9). What is the greatest common factor of 30 and t?
10
Let v = 11 + -8. Let g be 3*v/(18/16). Calculate the highest common factor of 8 and g.
8
Suppose 4*d = -4*l + 80, -2*l + 2*d + 28 = 8. Calculate the greatest common divisor of l and 30.
15
Let c be -1 + 7/((-21)/(-192)). Calculate the greatest common divisor of 7 and c.
7
Suppose -5*o = -4*o - 8. Suppose 88 = 5*y - 12. Calculate the greatest common factor of o and y.
4
Suppose -5*m + 90 = 3*u - 8*m, -4*u + 2*m = -128. What is the greatest common divisor of u and 238?
34
Let y be 748/12 + (-2)/(-3). Suppose -g = -6*k + k - 57, g = 3*k + y. What is the greatest common divisor of g and 9?
9
Let p be (-5 + 6)/(2/8). Calculate the highest common divisor of p and 10.
2
Let c(z) = 8*z + 1. Let b be c(4). What is the highest common divisor of 231 and b?
33
Suppose -r = r, 4*v = -r + 32. Suppose 0 = 6*x - 4*x - 80. Calculate the highest common divisor of v and x.
8
Suppose 0 = -4*l + 68 - 8. Let k = -75 - -54. Let o = k + 81. Calculate the highest common divisor of l and o.
15
Let x(m) = 8*m**2 + 4*m - 3. Let q be x(3). Let i be q/6 + 1/2. Calculate the highest common factor of 21 and i.
7
Suppose -5*b - 5*f + 660 = -3*f, 3*f = 0. What is the greatest common factor of 88 and b?
44
Let l = -8 - -20. Let p be (-337)/(-4) - 5/20. What is the greatest common divisor of l and p?
12
Let w be 1/(-4) + 57/4. Calculate the greatest common divisor of 21 and w.
7
Let o be (-1 - 115)*1/(-4). Suppose -4*y = 3*c - 60, 2*c = -4*y + o + 15. What is the highest common factor of 24 and c?
8
Let g be ((-66)/(-78) + 2/13)*85. Calculate the greatest common divisor of g and 34.
17
Suppose -7 = 4*g - 3*g. Let x(z) = -z**2 - 8*z + 17. Let o be x(g). Calculate the greatest common divisor of o and 3.
3
Suppose 2*m + 4*f = 10, f - 10 = m - 3*m. What is the greatest common factor of 50 and m?
5
Let g(s) = 3*s**2 - 2*s + 1. Let n be g(1). Suppose 5 = n*q - 3. Suppose -r + 2 = 0, -5*i + q*r + r = -45. Calculate the highest common divisor of i and 44.
11
Let n(s) = 10*s**2 - 3*s - 2. Let m be n(4). Suppose 0 = -2*x - 4*q + m - 26, -4*x + 220 = -2*q. What is the highest common factor of 8 and x?
8
Let k(s) = -s + 61. Let t be k(11). What is the greatest common factor of t and 20?
10
Suppose -3*k + 24 = k. Suppose 2*z = -k*v + 2*v + 2, -2*v = 3*z - 19. Suppose -2*m = -4*w - 106, 2*m - w = w + 98. What is the highest common factor of z and m?
9
Suppose -427 = -14*z + 133. Calculate the highest common factor of z and 5.
5
Let p = 736 + -406. What is the greatest common divisor of p and 30?
30
Suppose -3*r + 15 = 5*f, -5*r + 0*f + 12 = 4*f. Suppose r = -3*z + 5*z - 32. Calculate the greatest common divisor of z and 112.
16
Suppose -4*v - 18 = -2*f, 4*f - v + 1 = 2. Let r(j) = -22*j - 1. Let g be r(f). Calculate the highest common factor of g and 3.
3
Suppose -2*c = -10 - 14. Let m = -302 - -441. Let s = m + -91. Calculate the greatest common factor of s and c.
12
Suppose 0*r = -4*r - 2*h + 8, 4 = -2*h. Suppose -r*a + 39 = 12. Let m be (-6)/(-10) + (-4)/(-10). What is the greatest common factor of m and a?
1
Let f(o) = -o**2 - 8*o + 4. Let m be f(-4). What is the greatest common factor of 10 and m?
10
Suppose 0 = -2*v + 3*m + 53, 3*v - 13 = v - 5*m. Calculate the highest common divisor of 152 and v.
19
Suppose -4*j = d - 563, 0 = 3*j + 2*d + 3*d - 435. What is the greatest common factor of j and 28?
28
Let x be (-4 - (-25)/(-2))*-1*2. Calculate the highest common divisor of x and 22.
11
Let l = 10 + -7. Let d(a) = -2 - 3*a**3 + 8*a**3 - 5*a**2 + 2*a + 5. Let g be d(l). What is the highest common divisor of 11 and g?
11
Let f be (-3)/1 + (-1 - -18). Calculate the highest common divisor of 7 and f.
7
Let i = -1 + 2. Let c be (-3)/(-1)*i - 2. Let l = c - -6. Calculate the greatest common factor of 49 and l.
7
Suppose -7*q + 3*q = 20, -5*p + 225 = 3*q. Let o = -23 - -35. What is the highest common divisor of o and p?
12
Suppose 4*x = 2*p, 3*x = -0*x + 3. Let v be ((-1)/2)/(p/(-24)). What is the highest common factor of 3 and v?
3
Let m(w) be the first derivative of w**3/3 - 3*w**2/2 - 3. Let p be m(-4). What is the highest common divisor of p and 7?
7
Let d(x) = -x**2 + 9*x + 4. Let m = -10 + 17. Let l be d(m). What is the highest common divisor of 6 and l?
6
Let x be (16/(-12))/(2/(-3)). Suppose 0 = x*d - 126 - 56. Let r be 2/(2 - 0) - -12. What is the greatest common factor of r and d?
13
Let u be 8/(-2) + 1 - -14. What is the highest common factor of u and 55?
11